te j(-31).
-7
Let m(n) = n**2 - 53*n + 614. Calculate m(21).
-58
Let n(g) = -g**3 - 7*g**2 - g + 31. What is n(-5)?
-14
Let z(y) = -17*y**2 - 6*y - 4. Give z(3).
-175
Let x(w) = -w**3 - w**2 + 3*w - 13. Give x(-3).
-4
Let c(a) = -153*a + 5291. Determine c(35).
-64
Let c(s) = -67842*s + 339209. What is c(5)?
-1
Let l(x) = -31*x**2 - 429*x - 6. What is l(-13)?
332
Let k(n) = 204*n + 1616. Calculate k(-8).
-16
Let m(z) = 6*z**3 + 56*z**2 + 14*z + 13. Determine m(-9).
49
Let m(a) = a**2 + 47*a + 50. What is m(-46)?
4
Let t(w) = -107*w + 64. Determine t(-1).
171
Let l(v) = -102*v**2 - 259*v + 8. Give l(-2).
118
Let p(t) = 293*t - 2634. What is p(9)?
3
Let v(n) = 34*n**2 - 237*n - 474. Calculate v(-2).
136
Let p(f) = -f - 83. Determine p(-21).
-62
Let b(g) = 6802*g - 47621. Give b(7).
-7
Let v(k) = -3*k**2 - 43*k - 146. Determine v(-7).
8
Let r(s) = -2*s**2 + 297*s - 4914. Calculate r(19).
7
Let k(h) = h**3 + 14*h**2 - 17*h + 1. Determine k(-15).
31
Let w(a) = 92*a**2 - a + 1. What is w(1)?
92
Let g(y) = -21*y**2 - 32*y + 397. Determine g(-5).
32
Let v(w) = 9*w**3 + 3*w**2 - 25*w - 54. Calculate v(-3).
-195
Let f(p) = -p**2 - 91*p - 639. Give f(-81).
171
Let p(j) = 103*j**2 - 16276*j + 315. Calculate p(158).
-1
Let a(g) = 2*g - 270. Determine a(6).
-258
Let a(v) = -50*v**2 + 35*v - 34. Calculate a(2).
-164
Let b(g) = g**3 + 153*g**2 - 310*g + 10. Give b(-155).
10
Let h(r) = -r**3 - 4*r**2 - 8*r - 12. Calculate h(-5).
53
Let c(z) = 25*z**2 - 287*z + 11. Give c(12).
167
Let b(t) = t**2 - 28*t + 15. Give b(28).
15
Let m(j) = -j**3 - 6*j**2 + 2*j + 18. Give m(-6).
6
Let r(p) = 2*p**3 - 68*p**2 - 202*p + 7. Calculate r(-3).
-53
Let a(v) = -27*v**2 - 14*v - 13. Give a(-1).
-26
Let q(s) = s + 136. Determine q(-90).
46
Let i(j) = 5*j**2 + 44*j + 26. Calculate i(-8).
-6
Let y(z) = -2*z**2 - 118*z + 235. Give y(2).
-9
Let g(l) = -l**3 + 11*l**2 - 19*l + 31. Determine g(10).
-59
Let h(m) = 11*m**2 - 31*m - 82. Determine h(-2).
24
Let y(i) = -6*i**2 + 66*i - 249. What is y(6)?
-69
Let i(z) = -2*z**2 + 14*z + 9. What is i(9)?
-27
Let l(v) = 2*v**3 - 16*v**2 + 3*v - 130. Calculate l(8).
-106
Let h(r) = -54*r**2 - 872*r - 135. Determine h(-16).
-7
Let x(m) = -2*m**2 - 71*m - 421. Give x(-28).
-1
Let h(u) = 2*u**3 - 21*u**2 - 7*u - 39. What is h(11)?
5
Let p(x) = x**2 + 104*x + 102. Give p(-103).
-1
Let u(b) = b**2 + 40*b - 639. Calculate u(12).
-15
Let p(s) = -4751*s - 38007. Calculate p(-8).
1
Let j(m) = 2*m**2 + 178*m + 3052. Determine j(-23).
16
Let o(a) = -765*a - 274637. Determine o(-359).
-2
Let l(o) = 540*o + 47. Determine l(1).
587
Let v(q) = q**3 + 4*q**2 - 115*q - 6. Determine v(9).
12
Let a(l) = l**2 + 120*l + 2498. What is a(-91)?
-141
Let o(q) = -29*q**3 - 9*q**2 + 2. What is o(-1)?
22
Let v(w) = -3*w**3 - 22*w**2 + 7*w + 91. Determine v(-7).
-7
Let y(b) = -b**3 + 12*b**2 + 43*b + 18. What is y(15)?
-12
Let y(z) = -2*z**3 + 31*z**2 + 36*z - 745. Give y(15).
20
Let d(t) = -204*t + 374. What is d(2)?
-34
Let y(k) = -170*k + 1994. Calculate y(10).
294
Let h(u) = -11*u - 3. Determine h(-9).
96
Let b(q) = 13*q**2 - 168*q + 841. What is b(5)?
326
Let c(z) = 34*z + 443. Determine c(-13).
1
Let x(s) = -175*s - 9703. Give x(-55).
-78
Let p(q) = -q**2 + 13*q - 291. Give p(0).
-291
Let u(j) = 9*j + 914. Calculate u(-102).
-4
Let w(f) = -523*f - 22458. What is w(-43)?
31
Let q(i) = -27*i + 165. What is q(6)?
3
Let u(o) = -2*o**2 + 26*o + 21. Give u(12).
45
Let c(t) = -11*t + 258. Determine c(23).
5
Let g(u) = u**3 + 41*u**2 - 8*u - 374. Give g(-41).
-46
Let j(s) = 180*s + 3234. What is j(-18)?
-6
Let z(s) = 137*s - 1911. Determine z(14).
7
Let p(n) = 7*n**2 - 128*n + 99. Calculate p(18).
63
Let l(w) = 115*w - 701. What is l(6)?
-11
Let j(v) = v**3 + 12*v**2 - 14*v - 164. Determine j(-4).
20
Let y(f) = f**2 + 9*f - 2088. What is y(-50)?
-38
Let z(r) = 175*r**2 - 2*r + 8. Calculate z(1).
181
Let b(g) = g**2 - 153*g + 3401. Determine b(126).
-1
Let u(b) = -b**3 - 41*b**2 - 17*b + 918. What is u(-40)?
-2
Let r(m) = -88*m**2 - 545*m - 76. Give r(-6).
26
Let x(k) = 21*k + 409. What is x(-18)?
31
Let y(v) = -v**2 + 321*v - 4873. Calculate y(16).
7
Let l(n) = -8*n**2 + 14*n - 5. Determine l(-4).
-189
Let x(m) = 2*m**3 + 52*m**2 - 15*m - 384. Calculate x(-26).
6
Let t(o) = -25*o - 39. What is t(-6)?
111
Let n(w) = 2*w**3 - 75*w**2 - 39*w + 39. What is n(38)?
1
Let o(a) = 18*a - 45. What is o(4)?
27
Let m(b) = -21*b + 296. Determine m(11).
65
Let s(u) = 4*u**3 - 19*u**2 + 6*u - 32. Give s(4).
-56
Let m(x) = 285*x + 1713. Determine m(-6).
3
Let c(l) = l**3 + 54*l**2 - 3*l - 163. Give c(-54).
-1
Let d(b) = -b**2 + 25*b - 202. Determine d(10).
-52
Let m(k) = 3*k**3 - 60*k**2 - 73*k + 214. Determine m(21).
4
Let h(q) = -16*q + 61. Determine h(-9).
205
Let o(c) = -15*c + 102. What is o(15)?
-123
Let n(q) = 14*q - 196. Calculate n(12).
-28
Let o(b) = 23*b**3 + 5*b**2 - 24*b + 20. Determine o(1).
24
Let l(r) = 2*r**3 - 95*r**2 - 49*r - 139. Give l(48).
-187
Let v(i) = 57*i - 9400. Give v(165).
5
Let x(b) = -15*b**3 - 22*b + 25. Determine x(1).
-12
Let u(l) = -32*l**3 - 2531*l**2 - 235*l + 167. Determine u(-79).
9
Let l(g) = 28*g**3 - g**2 - 7*g - 3. Determine l(-1).
-25
Let a(p) = -p**2 + 11*p - 33. Give a(11).
-33
Let l(p) = -23*p**2 - 173*p - 63. Calculate l(-9).
-369
Let l(u) = 11*u**2 - 298*u + 63. Determine l(28).
343
Let l(y) = y**3 - 36*y**2 - 74*y - 74. Determine l(38).
2
Let k(d) = -192*d - 7463. What is k(-39)?
25
Let f(t) = 2*t + 150. What is f(-60)?
30
Let m(o) = -17*o**2 - 10*o + 10. Determine m(3).
-173
Let w(z) = z**3 - 22*z**2 - 21*z + 131. What is w(23)?
177
Let f(l) = -l**3 + 46*l**2 - 56*l + 498. Calculate f(45).
3
Let z(j) = j + 457. Determine z(-12).
445
Let m(x) = x**3 - 61*x**2 - 54*x - 504. What is m(62)?
-8
Let l(u) = -2*u**3 + 2*u**2 - 63*u + 241. What is l(4)?
-107
Let c(i) = -i**3 - 2*i**2 - 9*i + 5. What is c(-4)?
73
Let n(i) = 55*i + 1490. Give n(-27).
5
Let t(p) = -p**3 - 17*p**2 + 38*p + 119. Calculate t(-18).
-241
Let u(y) = y**3 + 29*y**2 - 30*y + 6. Determine u(-30).
6
Let i(d) = -d**3 - 9*d**2 + 346*d + 3285. What is i(-10)?
-75
Let d(m) = -259*m + 1753. Determine d(7).
-60
Let p(s) = 3*s**3 - 3*s**2 - 84*s - 42. What is p(6)?
-6
Let b(s) = -5*s**2 - 67*s + 250. Calculate b(4).
-98
Let k(d) = -d**3 - 9*d**2 - 16*d - 61. What is k(-7)?
-47
Let f(k) = k**2 - 21*k + 76. What is f(9)?
-32
Let x(z) = -9*z**3 + 11*z**2 - 17*z + 13. Calculate x(1).
-2
Let a(h) = -h**2 - 32*h + 342. What is a(-40)?
22
Let r(q) = 76*q**2 - 10*q + 5. Calculate r(2).
289
Let r(b) = -11*b + 83. Determine r(-8).
171
Let h(d) = 58*d + 261. Calculate h(-8).
-203
Let c(l) = 25*l**2 + 785*l - 4142. What is c(-36)?
-2
Let s(g) = g**3 + 5*g**2 + 2*g + 7. Determine s(-5).
-3
Let h(d) = -d**2 + 79*d + 349. Give h(-4).
17
Let f(l) = l**3 + 49*l**2 - 492*l + 1746. Determine f(-58).
6
Let a(u) = -146*u**2 + 568*u + 43. Give a(4).
-21
Let z(f) = 3*f**2 - 194*f - 183. What is z(62)?
-679
Let w(p) = 3*p**3 - 139*p**2 + 43*p + 143. What is w(46)?
5
Let u(m) = -2*m**2 - m + 23. Determine u(-13).
-302
Let i(x) = -x**2 - 36*x + 89. Calculate i(-38).
13
Let t(s) = s**3 - 5*s**2 + 12. What is t(5)?
12
Let m(s) = 821*s - 7386. What is m(9)?
3
Let q(t) = 4*t**3 + 20*t**2 + 43*t + 209. Determine q(-5).
-6
Let t(k) = k**2 - 41*k + 421. What is t(22)?
3
Let m(s) = 3*s**2 - 6*s - 207. Calculate m(11).
90
Let d(x) = -4*x**2 - 200*x + 225. Calculate d(-51).
21
Let w(x) = -x**3 - 84*x**2 - 169*x - 420. Determine w(-82).
-10
Let c(j) = 696*j + 5406. Give c(-8).
-162
Let z(s) = -62*s + 258. Give z(8).
-238
Let r(v) = 2*v**2 + 73*v + 570. Calculate r(-12).
-18
Let w(o) = -o**3 + 5*o**2 - 3532*o + 17641. Give w(5).
-19
Let b(g) = 5*g - 66. Give b(-30).
-216
Let t(y) = y**3 - 81*y**2 + 174*y - 971. Determine t(79).
293
Let g(m) = -221*m + 1992. Determine g(9).
3
Let h(w) = 117*w + 467. Give h(-4).
-1
Let q(h) = -32*h**2 + 219*h + 28. What is q(7)?
-7
Let h(z) = -90*z + 434. Calculate h(5).
-16
Let j(m) = 28*m**3 - m. What is j(1)?
27
Let l(j) = -240*j + 216. Determine l(1).
-24
Let g(d) = 5*d**3 - 103*d**2 - 45*d - 4. What is g(21)?
-67
Let n(f) = 952*f - 10467. Determine n(11).
5
Let p(u) = -43*u**3 - 259*u**2 - 2*u + 25. Give p(-6).
1
Let r(y) = -159*y**2 - y + 2. What is r(1)?
-158
Let g(n) = -113*n